 s be i(b). Suppose 4*d = j + 3*d - 39, -4*j + s*d + 152 = 0. List the prime factors of j.
43
Let d be ((-9)/15)/((-2)/10). Suppose 6*m = d*m + 15. Let a = m + 14. What are the prime factors of a?
19
Let j = 289 - -602. What are the prime factors of j?
3, 11
Suppose 0 = -p - a - 1, -4*p - p + 40 = -4*a. Let y be ((-3)/(-4))/(p/(-64)). Let x = 23 + y. List the prime factors of x.
11
Suppose -5*c + 2*c - 546 = 0. Let f = c - -325. What are the prime factors of f?
11, 13
Let u(s) = s**3 - s**2 - s + 31. Let j = -17 + 17. List the prime factors of u(j).
31
Let y(q) = 11*q**2 + 9*q - 5. Let z be y(-7). Suppose 3*j = -3*b + z, -b = -j + b + 151. What are the prime factors of j?
5, 31
Suppose 3*l - 30 = 5*g, 2*l + 3*g + 4 = 5. Let m be 1 + (0/1 - -35). Suppose 4*v = 2*s - m, 0 = -3*s - 2*s - l*v + 90. What are the prime factors of s?
2, 3
Suppose -4*x = 0, -p + 2*p - 3*x = 218. List the prime factors of p.
2, 109
Let n = 6427 - 2717. What are the prime factors of n?
2, 5, 7, 53
Suppose -f - 3 = 0, a - 515 = -2*f + 42. List the prime factors of a.
563
Let w = -97 + 158. Suppose -j + s - 2*s + w = 0, 4*s = -j + 76. What are the prime factors of j?
2, 7
Let v = 6205 - 3344. What are the prime factors of v?
2861
Let z be (-4)/6*(-36)/6. Let k be -3 - (-4 + (0 - z)). Suppose -47 = -k*r + 3*i + 130, -4*i - 176 = -5*r. What are the prime factors of r?
2, 3
Suppose 3*k + 6 = k - 2*w, -w = -2*k + 3. Let h(n) = n + 15. What are the prime factors of h(k)?
3, 5
Let o(b) = b**3 + b + 2. Let h be o(0). Let m = -113 + 116. Suppose -h*z + 2*s = -80, 2*z - m*s = -0*s + 85. What are the prime factors of z?
5, 7
Suppose 299 = c - 86. What are the prime factors of c?
5, 7, 11
Suppose 3*b - 4800 + 1863 = 0. List the prime factors of b.
11, 89
Suppose -38 = -5*z - 3*n - 6, 5*n = -4*z + 36. Suppose 0 = -z*o - 2*j + 66, -o + 12 = j - 7. Let l = 18 + o. List the prime factors of l.
2
Suppose -18*b + 23*b = 0. Let m(a) = -a**2 - a. Let s be m(b). Suppose 3*q - 92 = -2*y, s = 6*q - 2*q - 5*y - 115. What are the prime factors of q?
2, 3, 5
Suppose -4*j = -o - 1136, -5*j + 1437 = -8*o + 11*o. What are the prime factors of j?
3, 5, 19
Suppose 5*q = 3*j - 11341, j - 3757 = 16*q - 19*q. What are the prime factors of j?
2, 23, 41
Let b(z) = 18*z + 3. Let n be (-4)/((6 - 2)/(-2)). Let y be b(n). Let i = y - 24. What are the prime factors of i?
3, 5
Let s = -17 + 29. Let v(p) = -p + 14. Let q be v(s). List the prime factors of 24*1*(q - 1).
2, 3
Let m = -1203 + 2565. List the prime factors of m.
2, 3, 227
Let c be (-1742)/22 + (-4)/(-22). Suppose 2*n = 5*r + 233, 0*r + 4*r - 338 = -3*n. Let m = n + c. What are the prime factors of m?
5, 7
Suppose o + 5*u - 19 = 0, u + 10 = 5*o - 7. Suppose -m = 4*s - 207, -4*s = -m - 3*m - 232. Suppose -o*y = s - 137. What are the prime factors of y?
3, 7
Let s be (-9)/2*(-1 - (-5)/9). Suppose -5*u = s*i - 1263, 3*i = u - 182 - 74. What are the prime factors of u?
11, 23
Let d(c) = -9*c - 13. Let r = 22 - 26. Let u be 1/(r + (-92)/(-24)). What are the prime factors of d(u)?
41
Let i(d) = 19*d. Let m(r) = r**2 - 8*r - 8. Suppose 0 = -3*p + 10 + 17. Let v be m(p). What are the prime factors of i(v)?
19
Let v = 58 - 101. Let q = v - -55. What are the prime factors of q?
2, 3
Suppose 22*c + 15985 = 4*g + 27*c, 3*g - 2*c = 11960. What are the prime factors of g?
2, 3, 5, 7, 19
Let l = 29 + -30. What are the prime factors of ((-2)/(-4))/(l/(-80))?
2, 5
Let j = 288 + -139. Let o = j - 87. What are the prime factors of o?
2, 31
Let l = -6 + 8. Let n(w) = -5 + 2*w + 4*w**2 - 6*w**2 + 4*w**l - w**2. What are the prime factors of n(5)?
2, 3, 5
Let a(v) be the third derivative of -v**6/120 - 7*v**5/60 - v**4/8 - v**3/2 - v**2. Suppose q + 2*q + 21 = 0. What are the prime factors of a(q)?
2, 3
Let a = -44 - -5. Let z = a + 80. What are the prime factors of z?
41
Let x = -55 + 105. Suppose 20 = 2*c - 4*i, -i = -5*c - 3*i + x. List the prime factors of c.
2, 5
Suppose 19*o - 7328 = 5592. List the prime factors of o.
2, 5, 17
Suppose 0 = -3*s - 108 + 351. Suppose -z - s = -4*z. What are the prime factors of z?
3
Let k = -1155 - -3913. What are the prime factors of k?
2, 7, 197
Let a(y) = 350*y + 202. What are the prime factors of a(6)?
2, 1151
Let h be (-48)/(-9)*(0 - -6). Let j = -20 + h. Let m = j + 19. What are the prime factors of m?
31
Suppose -39 = -5*q - 14. Suppose 3*d - 255 = 3*p, -p = 3*d - q*p - 259. What are the prime factors of d?
3
Let b(t) = -22*t - 12. Suppose 6*i + 22 + 2 = 0. What are the prime factors of b(i)?
2, 19
Let q = -22 + 55. Let j = q + 12. What are the prime factors of j?
3, 5
List the prime factors of (8334/36*-1)/(1/(-6)).
3, 463
Let v = 167 + 66. What are the prime factors of v?
233
List the prime factors of (-2)/((-4)/3 + (-2562)/(-1923)).
3, 641
Suppose -285*b = -280*b - 14905. List the prime factors of b.
11, 271
Let k = 193 + -315. Let s = -59 - k. What are the prime factors of s?
3, 7
Let t(s) = 5*s**2 - 4*s - 112. List the prime factors of t(13).
3, 227
Suppose 9*d - 2*d = 448. Let k = -39 + d. List the prime factors of k.
5
Let m(w) = -2*w + 13. Let g be m(4). Suppose g*b - 2*c = 413, b + 3*c - 231 = -2*b. What are the prime factors of b?
3
Let h = 1617 - 1064. List the prime factors of h.
7, 79
Suppose -5*z = -10 - 20. List the prime factors of 308/z*36/24.
7, 11
Let h be (-5)/(-2) + 47/(-94). Suppose -2*y - 6 = -4*y. Suppose y*i - 3*u = -4*u + 18, h*i - 16 = -2*u. List the prime factors of i.
5
Suppose 10*s = 4*s + 480. Let x = 125 - s. What are the prime factors of x?
3, 5
Let m = -153 - -14. Let x = m - -345. List the prime factors of x.
2, 103
Let x(o) = 200*o + 406. List the prime factors of x(7).
2, 3, 7, 43
Let n = -32 + 39. Let u(a) = -a**2 - 2*a - 1. Let w be u(-3). What are the prime factors of (n + w + 3)*6?
2, 3
Let u(w) = -w**2 - 14*w - 20. Let b be u(-11). Suppose -4*i + 12 = -2*j, 0 = i + 3*j - j - b. What are the prime factors of i?
5
Let s(u) = u**3 - 5*u**2 + 4*u - 5. Let h be s(5). Suppose 5*c - 5*z = h, -c + z = -4*z + 9. List the prime factors of c.
2, 3
Let f = -14 - -15. Let x be (1 - -1)*(-1 - f). List the prime factors of x/(-8) + (-54)/(-4).
2, 7
Let w be 64 + (1 - 0/(-2)). Suppose -3*b = -419 + w. List the prime factors of b.
2, 59
Let r = 0 - -4. Let k be -4*(-2)/r*2. Suppose -6 = -k*t + 26. What are the prime factors of t?
2
Let h be 80/36 - (1 + 28/(-36)). Suppose -2*t - h*w + 550 = 36, 3*t + 2*w - 769 = 0. What are the prime factors of t?
3, 5, 17
Let u = -41 - -77. Let v be (-9)/6*u/(-3). Suppose m - v = -m. What are the prime factors of m?
3
Suppose -4*y = -4*l + 35 - 199, -82 = -2*y + l. Let i = 84 - y. List the prime factors of i.
43
Let t = -1113 + 1559. List the prime factors of t.
2, 223
Let i = 39 - 8. Suppose i = 6*f - 137. What are the prime factors of f?
2, 7
Let m = 57 - 60. Let h(s) = 27*s**2 + 9*s - 3. List the prime factors of h(m).
3, 71
Let a(d) = -d**3 + 29*d**2 - 55*d + 76. List the prime factors of a(27).
7
Let t = 805 + -541. List the prime factors of t.
2, 3, 11
Let w(q) = -76*q + 259. List the prime factors of w(-11).
3, 5, 73
Let c = -342 + 687. Suppose -3*l = -0*l - c. Suppose 5*r - 135 = -5*q - 0*q, -4*r = -3*q - l. What are the prime factors of r?
2, 7
List the prime factors of 1 - 12/14 - (-158592)/1176.
3, 5
Let u be (-8)/10 - 110/50. Let h(t) be the first derivative of t**4/4 + 5*t**3/3 + t**2 + 3*t - 10. List the prime factors of h(u).
3, 5
Let c = 1039 - 406. List the prime factors of c.
3, 211
What are the prime factors of (-16)/44 + 30400/110?
2, 3, 23
Let q(l) = -4*l - 9. Suppose -7*u = -8*u - 6. What are the prime factors of q(u)?
3, 5
Suppose 3*u = 2*p + 40, -p = 4*u - 4 - 31. Suppose 3*r = -r + h + 13, r = -3*h. Let t = u + r. List the prime factors of t.
13
Let x(c) = 2*c + 29. Let r be x(-12). Suppose r = 4*v - 3*v. List the prime factors of v.
5
Let w(r) = -r**3 - 14*r**2 + 13*r - 26. Let b be w(-15). Suppose b*h - 157 = 2*j + 283, -3*j + 103 = h. What are the prime factors of h?
109
Let j = -22 - -23. What are the prime factors of -4 + (21 - 2)*j?
3, 5
Suppose 0 = q - 3*g - 868, -7*g + 6*g = 0. List the prime factors of q.
2, 7, 31
Let g(h) = -89*h**2 + 3*h - 1. Let y be g(1). Let f = -30 - y. List the prime factors of f.
3, 19
Suppose -3*f = 5 - 14. 